4 (base 12) to base 5
410113114
345664 (base 11) to base 14
1041c4
What is aa12 (base 11) in base 7?
60241
Convert 110010122121220 (base 3) to base 10.
6449190
Convert 2cd69 (base 16) to base 15.
3963c
Convert -211041540 (base 6) to base 8.
-16051644
What is 130112141 (base 6) in base 14?
49b901
-11020 (base 6) to base 5
-22044
-52bb00 (base 13) to base 3
-10122112122112
What is -5317254 (base 9) in base 3?
-12100121021211
-121021110200 (base 3) to base 14
-84a7b
2325053 (base 6) to base 4
131120121
Convert -13095969 (base 10) to base 14.
-1a4c825
Convert 32561 (base 9) to base 2.
101010001100001
362044 (base 7) to base 8
200011
361b6 (base 14) to base 9
221142
7bf78 (base 16) to base 10
507768
What is -109bbb (base 12) in base 9?
-445028
-1110635 (base 9) to base 2
-10010001111001000001
2032332010 (base 4) to base 6
20315044
What is 621030 (base 9) in base 15?
7414c
-10432 (base 15) to base 4
-30211310
What is 23000330312 (base 4) in base 3?
12102200212122
Convert -5b078 (base 14) to base 5.
-24103440
Convert -13330303 (base 5) to base 9.
-227005
Convert 11011100101011100 (base 2) to base 12.
55478
1805605 (base 11) to base 12
103b10b
Convert 4153d5 (base 14) to base 13.
5c2385
-220321 (base 10) to base 4
-311302201
100213331 (base 5) to base 11
251aa8
-276447 (base 9) to base 3
-22120111121
-454436 (base 7) to base 16
-13bbc
Convert 704a94 (base 15) to base 16.
515a3a
What is -67308 (base 10) in base 6?
-1235340
2410240 (base 5) to base 7
243402
Convert 2012202211 (base 3) to base 16.
aa35
Convert -3124142 (base 5) to base 3.
-2122001102
Convert 1a8ad (base 15) to base 7.
506500
What is 254349 (base 12) in base 10?
608745
Convert 100000010011010101001 (base 2) to base 12.
430661
What is -188b9 (base 15) in base 14?
-21019
763913 (base 11) to base 5
303022144
Convert 31102002 (base 5) to base 3.
110212120100
4c8283 (base 14) to base 15
3709ec
What is 99a15 (base 14) in base 5?
43404134
What is -3464c (base 13) in base 2?
-10111010100111101
Convert 20e1d0 (base 15) to base 14.
2cabd2
Convert -110211332233 (base 4) to base 2.
-10100100101111110101111
What is 970668 (base 14) in base 11?
2980737
-5606727 (base 9) to base 12
-1015781
Convert 70153270 (base 8) to base 12.
4b27274
What is 1001000112102 (base 3) in base 6?
15453145
64614 (base 12) to base 9
221317
What is -c39385 (base 14) in base 16?
-649fe9
10010100010110001100111 (base 2) to base 3
100010222002012
Convert 100430 (base 6) to base 5.
223223
Convert 11001000010101101 (base 2) to base 3.
12012201000
Convert -48963 (base 13) to base 14.
-368a2
Convert 5a1a1 (base 14) to base 10.
219857
What is 637406 (base 8) in base 7?
1544145
Convert 247930 (base 13) to base 5.
210430034
What is -12a92 (base 11) in base 12?
-a932
Convert -2e159 (base 15) to base 3.
-21120010110
Convert 1957672 (base 11) to base 9.
6185636
What is -5217076 (base 9) in base 8?
-12503334
What is -3032010200 (base 4) in base 15?
-11a15e
221111102210 (base 3) to base 16
7a86e
Convert -3792469 (base 10) to base 12.
-132a871
What is 5172354 (base 8) in base 3?
2120202222102
Convert a5498 (base 15) to base 14.
d9048
Convert 100100100110111000100110 (base 2) to base 3.
200001112212020
-11604723 (base 8) to base 4
-21300213103
2369370 (base 11) to base 4
33233131030
Convert 457678 (base 10) to base 6.
13450514
What is 244c89 (base 15) in base 3?
10021021111210
What is 102231010012 (base 4) in base 13?
10289b3
-1024200 (base 7) to base 13
-44535
What is 31384 (base 13) in base 6?
1521411
Convert -55011 (base 10) to base 3.
-2210110110
What is -4743931 (base 11) in base 12?
-2932115
Convert 224532 (base 8) to base 5.
4413442
What is -4210124 (base 5) in base 8?
-207446
Convert 16eba (base 15) to base 14.
1d080
What is -220000011022 (base 3) in base 13?
-1370ba
131571 (base 12) to base 15
62d9d
Convert -310132103 (base 5) to base 9.
-2322823
1dca69 (base 15) to base 5
333212344
Convert -71200 (base 10) to base 4.
-101120200
What is -163753 (base 10) in base 11?
-102037
What is -2124241 (base 6) in base 12?
-50681
180a1a0 (base 13) to base 6
435333010
Convert 2022012122200 (base 3) to base 15.
192c13
-21b0268 (base 12) to base 15
-875d5e
What is -1a795d1 (base 14) in base 16?
-c97473
-30da9 (base 14) to base 2
-11100110010111001
8cde2 (base 15) to base 12
197765
-10021111111201 (base 3) to base 11
-a8a832
-539821 (base 10) to base 15
-a9e31
What is a54b (base 15) in base 9?
52838
What is 116726 (base 11) in base 4?
231003221
125f0 (base 16) to base 14
1d5cc
What is -da4796 (base 15) in base 14?
-1547937
What is 56560655 (base 7) in base 4?
102301300100
Convert -4666205 (base 8) to base 9.
-2350155
What is -3531627 (base 8) in base 12?
-3a569b
What is -1422221 (base 6) in base 3?
-11002221011
What is 1042313043 (base 5) in base 9?
4305876
101001101111010010111 (base 2) to base 15
1c03a3
Convert 33332011 (base 4) to base 10.
65413
Convert b6643 (base 13) to base 15.
6749c
Convert -121020111 (base 3) to base 7.
-46342
What is -10115104 (base 7) in base 2?
-11001110001011100111
-1225340 (base 7) to base 11
-a8746
Convert -5e440 (base 15) to base 7.
-2363346
-1260032 (base 7) to base 12
-7ba78
106221172 (base 8) to base 7
312414401
What is 101000010111000011011 (base 2) in base 11?
8236a4
Convert -96c23 (base 13) to base 15.
-55a28
-23554415 (base 6) to base 4
-2312023223
Convert 1023230103 (base 5) to base 11.
124916a
What is -12161 (base 16) in base 6?
-1330545
What is -300033100 (base 4) in base 12?
-96414
What is 14034 (base 9) in base 10?
9508
Convert 321212232 (base 4) to base 9.
388586
-1110202111001 (base 3) to base 5
-200020234
Convert -1422311 (base 7) to base 8.
-564070
What is -210021212212 (base 3) in base 15?
-84295
-26b16c (base 13) to base 16
-e518a
Convert 3839b (base 14) to base 10.
137925
-337223 (base 15) to base 7
-26600556
-25654 (base 13) to base 6
-1252154
What is 526151 (base 10) in base 13?
155642
What is -192eb (base 15) in base 12?
-3b31b
Convert -6be2e2 (base 16) to base 13.
-16072b7
-4432423004 (base 5) to base 8
-44650742
Convert 122010321233 (base 4) to base 15.
900668
Convert 110100110111110111001111 (base 2) to base 6.
1213024023
330010100 (base 4) to base 2
111100000100010000
-32aa5b (base 12) to base 13
-223295
What is -10837b (base 12) in base 5?
-31410213
Convert -8e42a (base 16) to base 8.
-2162052
What is 7a1b71 (base 13) in base 16?
2c1469
What is 263b (base 16) in base 11?
7398
What is -11643512 (base 9) in base 14?
-a8451d
Convert -1403246 (base 7) to base 2.
-101101011010110110
What is 5198865 (base 10) in base 8?
23652021
What is 100001001101001110 (base 2) in base 5?
13323024
Convert -11010101111011100101 (base 2) to base 16.
-d5ee5
3110414 (base 5) to base 8
143056
Convert -321991 (base 10) to base 3.
-121100200121
What is -1355852 (base 9) in base 12?
-2bb685
3616066 (base 8) to base 2
11110001110000110110
11043212 (base 5) to base 15
1d9a7
Convert -15545740 (base 9) to base 10.
-7765911
What is -99308 (base 12) in base 11?
-129257
-12c459c (base 13) to base 2
-10110100101110001100001
Convert -87f08a (base 16) to base 3.
-121202121202200
-98068 (base 11) to base 12
-6a563
What is -13561a7 (base 12) in base 4?
-32223022033
218798 (base 13) to base 12
32123b
What is 1405098 (base 10) in base 3?
2122101102200
What is -312123 (base 10) in base 2?
-1001100001100111011
30412214 (base 5) to base 13
88a43
What is -4443414243 (base 5) in base 7?
-145600016
What is 102231343 (base 5) in base 14?
b2b03
What is -b55845 (base 14) in base 11?
-3502742
What is 22420043 (base 7) in base 2?
111011101001010001101
Convert -8502432 (base 9) to base 2.
-10001010110011111101000
-2133112112 (base 4) to base 15
-cd5ce
Convert 135852 (base 10) to base 9.
226316
What is -b69148 (base 12) in base 11?
-1695856
102202212200 (base 3) to base 12
b2130
Convert -4483555 (base 10) to base 12.
-1602797
Convert 20132223312 (base 4) to base 14.
41c102
-212232311 (base 4) to base 14
-41b5b
Convert 3042134042 (base 5) to base 12.
20b4b73
1010101100010110011 (base 2) to base 5
42203022
Convert -300151 (base 12) to base 2.
-10110110010011001101
-2532410 (base 6) to base 16
-215d6
Convert -433654 (base 7) to base 8.
-224021
What is 3429a0 (base 12) in base 2?
11001011101100001000
What is 5300d (base 15) in base 2?
100000001